s the tens digit of 4849978?
7
What is the thousands digit of 1290293?
0
What is the hundred thousands digit of 3557298?
5
What is the tens digit of 96027?
2
What is the ten thousands digit of 14284373?
8
What is the hundred thousands digit of 238890?
2
What is the thousands digit of 360022?
0
What is the ten thousands digit of 185923?
8
What is the ten thousands digit of 726793?
2
What is the hundred thousands digit of 3342573?
3
What is the tens digit of 238763?
6
What is the thousands digit of 23723288?
3
What is the ten thousands digit of 2511665?
1
What is the units digit of 1336368?
8
What is the units digit of 86512?
2
What is the hundreds digit of 1348141?
1
What is the millions digit of 3525309?
3
What is the hundreds digit of 1825726?
7
What is the millions digit of 4678273?
4
What is the hundred thousands digit of 1180754?
1
What is the ten thousands digit of 336271?
3
What is the hundreds digit of 157619?
6
What is the units digit of 322732?
2
What is the units digit of 2182177?
7
What is the thousands digit of 71765?
1
What is the millions digit of 6816767?
6
What is the thousands digit of 2084182?
4
What is the hundred thousands digit of 22796816?
7
What is the hundreds digit of 379710?
7
What is the thousands digit of 4448763?
8
What is the units digit of 6027683?
3
What is the ten thousands digit of 1187210?
8
What is the hundred thousands digit of 660811?
6
What is the thousands digit of 2830992?
0
What is the ten millions digit of 17440483?
1
What is the tens digit of 206868?
6
What is the tens digit of 735959?
5
What is the thousands digit of 12872336?
2
What is the tens digit of 536613?
1
What is the tens digit of 6033566?
6
What is the ten thousands digit of 66799?
6
What is the thousands digit of 177270?
7
What is the units digit of 29933376?
6
What is the tens digit of 111923?
2
What is the hundreds digit of 276007?
0
What is the units digit of 1470457?
7
What is the ten millions digit of 20406857?
2
What is the hundreds digit of 2073928?
9
What is the thousands digit of 920052?
0
What is the units digit of 74357?
7
What is the thousands digit of 132336?
2
What is the hundred thousands digit of 906001?
9
What is the tens digit of 250709?
0
What is the ten thousands digit of 866505?
6
What is the hundreds digit of 409405?
4
What is the hundreds digit of 286765?
7
What is the millions digit of 2419294?
2
What is the millions digit of 5855820?
5
What is the units digit of 74943?
3
What is the ten thousands digit of 13669770?
6
What is the hundreds digit of 25849424?
4
What is the hundred thousands digit of 366397?
3
What is the tens digit of 949118?
1
What is the thousands digit of 1465687?
5
What is the ten thousands digit of 495746?
9
What is the millions digit of 4007449?
4
What is the tens digit of 272374?
7
What is the hundred thousands digit of 285735?
2
What is the hundreds digit of 1271137?
1
What is the tens digit of 456065?
6
What is the hundred thousands digit of 5299618?
2
What is the hundred thousands digit of 1508140?
5
What is the tens digit of 6568861?
6
What is the ten thousands digit of 1700605?
0
What is the units digit of 3297378?
8
What is the thousands digit of 4626328?
6
What is the millions digit of 3299296?
3
What is the millions digit of 1870098?
1
What is the units digit of 1392138?
8
What is the hundred thousands digit of 904813?
9
What is the units digit of 1453703?
3
What is the units digit of 389031?
1
What is the ten thousands digit of 648382?
4
What is the hundreds digit of 104535?
5
What is the units digit of 60994?
4
What is the thousands digit of 75240?
5
What is the millions digit of 3520216?
3
What is the units digit of 20221659?
9
What is the hundred thousands digit of 316538?
3
What is the units digit of 490123?
3
What is the thousands digit of 117159?
7
What is the hundred thousands digit of 102765?
1
What is the ten millions digit of 14767997?
1
What is the millions digit of 1578954?
1
What is the thousands digit of 2569158?
9
What is the hundred thousands digit of 915675?
9
What is the millions digit of 1721048?
1
What is the hundreds digit of 73333?
3
What is the tens digit of 14863773?
7
What is the hundreds digit of 318620?
6
What is the tens digit of 6538312?
1
What is the ten thousands digit of 5737811?
3
What is the thousands digit of 1280380?
0
What is the hundreds digit of 66080?
0
What is the ten thousands digit of 296597?
9
What is the units digit of 93017?
7
What is the ten millions digit of 19487763?
1
What is the units digit of 50338?
8
What is the hundred thousands digit of 4385897?
3
What is the hundreds digit of 26002307?
3
What is the units digit of 494301?
1
What is the ten thousands digit of 966449?
6
What is the units digit of 4928927?
7
What is the millions digit of 10716121?
0
What is the hundreds digit of 78595?
5
What is the ten thousands digit of 1303541?
0
What is the ten thousands digit of 629706?
2
What is the thousands digit of 497114?
7
What is the thousands digit of 10492?
0
What is the units digit of 96909?
9
What is the hundreds digit of 3745365?
3
What is the ten thousands digit of 7143081?
4
What is the hundreds digit of 6673146?
1
What is the units digit of 4272249?
9
What is the hundreds digit of 1277171?
1
What is the thousands digit of 5504534?
4
What is the units digit of 318249?
9
What is the ten millions digit of 11328173?
1
What is the hundreds digit of 158876?
8
What is the hundred thousands digit of 4810004?
8
What is the hundreds digit of 625889?
8
What is the tens digit of 1281819?
1
What is the hundreds digit of 26003842?
8
What is the units digit of 9002851?
1
What is the ten millions digit of 13165326?
1
What is the hundreds digit of 1061106?
1
What is the thousands digit of 4513228?
3
What is the thousands digit of 119015?
9
What is the ten thousands digit of 199903?
9
What is the tens digit of 556866?
6
What is the thousands digit of 766068?
6
What is the tens digit of 274275?
7
What is the tens digit of 1159553?
5
What is the millions digit of 34163249?
4
What is the millions digit of 16157007?
6
What is the hundreds digit of 169630?
6
What is the thousands digit of 749101?
9
What is the thousands digit of 14392?
4
What is the hundred thousands digit of 609726?
6
What is the millions digit of 17890408?
7
What is the tens digit of 1329462?
6
What is the ten thousands digit of 15451957?
5
What is the units digit of 5977419?
9
What is the units digit of 632102?
2
What is the hundred thousands digit of 637178?
6
What is the hundreds digit of 5514746?
7
What is the hundred thousands digit of 2456567?
4
What is the hundreds digit of 2703637?
6
What is the thousands digit of 5707700?
7
What is the units digit of 18967839?
9
What is the units digit of 1297991?
1
What is the hundred thousands digit of 30999857?
9
What is the hundred thousands digit of 39507800?
5
What is the thousands digit of 53620?
3
What is the tens digit of 54702?
0
What is the thousands digit of 323487?
3
What is the hundreds digit of 3223654?
6
What is the tens digit of 6969878?
7
What is the millions digit of 2924453?
2
What is the hundreds digit of 481974?
9
What is the hundred thousands digit of 12097011?
0
What is the hundred thousands digit of 2165327?
1
What is the tens digit of 17835302?
0
What is the hundred thousands digit of 4081551?
0
What is the hundred thousands digit of 100022?
1
What is the hundreds digit of 2697529?
5
What is the hundred thousands digit of 372985?
3
What is the tens digit of 434728?
2
What is the units digit of 6270080?
0
What is the tens digit of 1406148?
4
What is the hundreds digit of 3402383?
3
What is the thousands digit of 6704500?
4
What is the units digit of 633626?
6
What is the ten thousands digit of 359703?
5
What is the hundreds digit of 23237371?
3
What is the units digit of 1853342?
2
What is the hundred thousands digit of 742214?
7
What is the ten thousands digit of 691466?
9
What is the hundred thousands digit of 7988310?
9
What is the thousands digit of 10534?
0
What is the units digit of 168901?
1
What is the hundreds digit of 833689?
6
What is the ten thousands digit of 308942?
0
What is the thousands digit of 182701?
2
What is the ten thousands digit of 9333161?
3
What is the hundreds digit of 16747?
7
What i